{"id":25018,"date":"2025-03-24T11:25:07","date_gmt":"2025-03-24T16:25:07","guid":{"rendered":"https:\/\/mirausa.net\/2025-2\/?page_id=25018"},"modified":"2025-05-18T19:08:45","modified_gmt":"2025-05-19T00:08:45","slug":"sobre-nosotros","status":"publish","type":"page","link":"https:\/\/mirausa.net\/?page_id=25018","title":{"rendered":"Sobre nosotros"},"content":{"rendered":"\t\t<div data-elementor-type=\"wp-page\" data-elementor-id=\"25018\" class=\"elementor elementor-25018\">\n\t\t\t\t\t\t<section class=\"elementor-section elementor-top-section elementor-element elementor-element-0b1f75c elementor-section-boxed elementor-section-height-default elementor-section-height-default\" data-id=\"0b1f75c\" data-element_type=\"section\" data-e-type=\"section\">\n\t\t\t\t\t\t<div class=\"elementor-container elementor-column-gap-default\">\n\t\t\t\t\t<div class=\"elementor-column elementor-col-50 elementor-top-column elementor-element elementor-element-8ca3849\" data-id=\"8ca3849\" data-element_type=\"column\" data-e-type=\"column\" data-settings=\"{&quot;background_background&quot;:&quot;classic&quot;}\">\n\t\t\t<div class=\"elementor-widget-wrap elementor-element-populated\">\n\t\t\t\t\t\t<div class=\"elementor-element elementor-element-cedeb21 elementor-widget elementor-widget-image\" data-id=\"cedeb21\" data-element_type=\"widget\" data-e-type=\"widget\" data-widget_type=\"image.default\">\n\t\t\t\t<div class=\"elementor-widget-container\">\n\t\t\t\t\t\t\t\t\t\t\t\t\t\t\t<img fetchpriority=\"high\" decoding=\"async\" width=\"600\" height=\"548\" src=\"https:\/\/mirausa.net\/wp-content\/uploads\/2025\/05\/mira-usa-sobre-nosotros1.jpg\" class=\"attachment-large size-large wp-image-26918\" alt=\"\" srcset=\"https:\/\/mirausa.net\/wp-content\/uploads\/2025\/05\/mira-usa-sobre-nosotros1.jpg 600w, https:\/\/mirausa.net\/wp-content\/uploads\/2025\/05\/mira-usa-sobre-nosotros1-300x274.jpg 300w\" sizes=\"(max-width: 600px) 100vw, 600px\" \/>\t\t\t\t\t\t\t\t\t\t\t\t\t\t\t<\/div>\n\t\t\t\t<\/div>\n\t\t\t\t\t<\/div>\n\t\t<\/div>\n\t\t\t\t<div class=\"elementor-column elementor-col-50 elementor-top-column elementor-element elementor-element-5ef7562\" data-id=\"5ef7562\" data-element_type=\"column\" data-e-type=\"column\" data-settings=\"{&quot;background_background&quot;:&quot;classic&quot;}\">\n\t\t\t<div class=\"elementor-widget-wrap elementor-element-populated\">\n\t\t\t\t\t\t<div class=\"elementor-element elementor-element-771477e elementor-widget elementor-widget-section-head\" data-id=\"771477e\" data-element_type=\"widget\" data-e-type=\"widget\" data-widget_type=\"section-head.default\">\n\t\t\t\t<div class=\"elementor-widget-container\">\n\t\t\t\t\t\t\t\t<div class=\"section-title s-section-title mb-25\">\r\n                <h6 class=\"wow none\" data-wow-delay=\"0.2s\"><span><\/span>Ayudar Nos Mueve<\/h6>\r\n                <h2 class=\"wow none\" data-wow-delay=\"0.2s\">Nuestra Labor<\/h2>\r\n            <\/div>\r\n\t    \t\t\t\t\t<\/div>\n\t\t\t\t<\/div>\n\t\t\t\t<div class=\"elementor-element elementor-element-c41519d elementor-widget elementor-widget-text-editor\" data-id=\"c41519d\" data-element_type=\"widget\" data-e-type=\"widget\" data-widget_type=\"text-editor.default\">\n\t\t\t\t<div class=\"elementor-widget-container\">\n\t\t\t\t\t\t\t\t\t<p>Bienvenidos al sitio oficial de MIRA USA\u00ae, una organizaci\u00f3n sin \u00e1nimo de lucro 501(c)(3) que promueve la integraci\u00f3n social de los inmigrantes en Estados Unidos. Desde el 19 de febrero de 2005, hemos trabajado para responder a las necesidades de la comunidad inmigrante, impulsando su desarrollo y bienestar.<\/p><p>En MIRA USA\u00ae, promovemos la<strong> inmigraci\u00f3n legal y con valores<\/strong>, facilitando herramientas y recursos que permiten a los inmigrantes integrarse de manera efectiva y convertirse en un <strong>aporte positivo a nivel social y c\u00edvico.<\/strong><\/p>\t\t\t\t\t\t\t\t<\/div>\n\t\t\t\t<\/div>\n\t\t\t\t<div class=\"elementor-element elementor-element-33c5530 elementor-widget elementor-widget-inline-text\" data-id=\"33c5530\" data-element_type=\"widget\" data-e-type=\"widget\" data-widget_type=\"inline-text.default\">\n\t\t\t\t<div class=\"elementor-widget-container\">\n\t\t\t\t\t        <span class=\"chariton-inline-text\">Hemos beneficiado a m\u00e1s de<\/span>\r\n\t\t\t\t\t\t<\/div>\n\t\t\t\t<\/div>\n\t\t\t\t<div class=\"elementor-element elementor-element-b0fd1c8 elementor-widget elementor-widget-inline-text\" data-id=\"b0fd1c8\" data-element_type=\"widget\" data-e-type=\"widget\" data-widget_type=\"inline-text.default\">\n\t\t\t\t<div class=\"elementor-widget-container\">\n\t\t\t\t\t        <span class=\"chariton-inline-text\">31,871 personas<\/span>\r\n\t\t\t\t\t\t<\/div>\n\t\t\t\t<\/div>\n\t\t\t\t\t<\/div>\n\t\t<\/div>\n\t\t\t\t\t<\/div>\n\t\t<\/section>\n\t\t<div class=\"elementor-element elementor-element-82b73b2 e-flex e-con-boxed e-con e-parent\" data-id=\"82b73b2\" data-element_type=\"container\" data-e-type=\"container\">\n\t\t\t\t\t<div class=\"e-con-inner\">\n\t\t\t\t\t<\/div>\n\t\t\t\t<\/div>\n\t\t<div class=\"elementor-element elementor-element-d2b5166 e-flex e-con-boxed e-con e-parent\" data-id=\"d2b5166\" data-element_type=\"container\" data-e-type=\"container\">\n\t\t\t\t\t<div class=\"e-con-inner\">\n\t\t\t\t<div class=\"elementor-element elementor-element-60f903a elementor-widget elementor-widget-spacer\" data-id=\"60f903a\" data-element_type=\"widget\" data-e-type=\"widget\" data-widget_type=\"spacer.default\">\n\t\t\t\t<div class=\"elementor-widget-container\">\n\t\t\t\t\t\t\t<div class=\"elementor-spacer\">\n\t\t\t<div class=\"elementor-spacer-inner\"><\/div>\n\t\t<\/div>\n\t\t\t\t\t\t<\/div>\n\t\t\t\t<\/div>\n\t\t\t\t\t<\/div>\n\t\t\t\t<\/div>\n\t\t\t\t<\/div>\n\t\t","protected":false},"excerpt":{"rendered":"<p>Ayudar Nos Mueve Nuestra Labor Bienvenidos al sitio oficial de MIRA USA\u00ae, una organizaci\u00f3n sin \u00e1nimo de lucro 501(c)(3) que promueve la integraci\u00f3n social de los inmigrantes en Estados Unidos. [&hellip;]<\/p>\n","protected":false},"author":1,"featured_media":0,"parent":0,"menu_order":0,"comment_status":"closed","ping_status":"closed","template":"elementor_header_footer","meta":{"_acf_changed":false,"footnotes":""},"class_list":["post-25018","page","type-page","status-publish","hentry"],"acf":[],"_links":{"self":[{"href":"https:\/\/mirausa.net\/index.php?rest_route=\/wp\/v2\/pages\/25018","targetHints":{"allow":["GET"]}}],"collection":[{"href":"https:\/\/mirausa.net\/index.php?rest_route=\/wp\/v2\/pages"}],"about":[{"href":"https:\/\/mirausa.net\/index.php?rest_route=\/wp\/v2\/types\/page"}],"author":[{"embeddable":true,"href":"https:\/\/mirausa.net\/index.php?rest_route=\/wp\/v2\/users\/1"}],"replies":[{"embeddable":true,"href":"https:\/\/mirausa.net\/index.php?rest_route=%2Fwp%2Fv2%2Fcomments&post=25018"}],"version-history":[{"count":28,"href":"https:\/\/mirausa.net\/index.php?rest_route=\/wp\/v2\/pages\/25018\/revisions"}],"predecessor-version":[{"id":26921,"href":"https:\/\/mirausa.net\/index.php?rest_route=\/wp\/v2\/pages\/25018\/revisions\/26921"}],"wp:attachment":[{"href":"https:\/\/mirausa.net\/index.php?rest_route=%2Fwp%2Fv2%2Fmedia&parent=25018"}],"curies":[{"name":"wp","href":"https:\/\/api.w.org\/{rel}","templated":true}]}}